 a composite number?
False
Is 61917868417 a prime number?
False
Is 9762492473 a prime number?
True
Is 4091202041 a composite number?
False
Is 997315219 a composite number?
True
Is 9205839289 prime?
True
Is 1371903857 composite?
True
Is 1748131235 a composite number?
True
Is 543434357 composite?
True
Is 66606705709 composite?
False
Is 3952326349 a prime number?
False
Is 30036215081 a composite number?
True
Is 2233303663 a composite number?
False
Is 3921994743 prime?
False
Is 205778409 composite?
True
Is 78633161 prime?
False
Is 5231235661 composite?
False
Is 309042989 prime?
False
Is 11717575109 a composite number?
False
Is 7126020857 composite?
True
Is 1237058083 a composite number?
False
Is 593271878 composite?
True
Is 6654235873 prime?
True
Is 992359097 a composite number?
False
Is 3283907729 prime?
False
Is 957623627 a composite number?
False
Is 38428798937 prime?
False
Is 2032997227 composite?
True
Is 11648938787 prime?
True
Is 3965340881 a prime number?
True
Is 23267574067 a composite number?
True
Is 1494970801 prime?
True
Is 48747657089 prime?
True
Is 6342525841 composite?
True
Is 15978378337 composite?
False
Is 17246256641 composite?
False
Is 18927583697 composite?
True
Is 9789025781 a composite number?
False
Is 116249071 prime?
True
Is 6525877307 a prime number?
True
Is 47124549058 a composite number?
True
Is 68712733 a prime number?
True
Is 3591073 a prime number?
True
Is 119418304529 composite?
False
Is 1093449281 a prime number?
False
Is 464475481 a composite number?
True
Is 45748966387 composite?
True
Is 143679245791 composite?
False
Is 2672398063 composite?
False
Is 585452167 composite?
False
Is 83266225069 a prime number?
False
Is 54373164689 prime?
True
Is 77298339697 composite?
False
Is 5623696913 a prime number?
False
Is 170847304723 a composite number?
False
Is 30219791863 composite?
False
Is 3204321463 a composite number?
True
Is 9920537989 a prime number?
True
Is 824656337 prime?
True
Is 13119556309 a composite number?
False
Is 4146733691 composite?
False
Is 1172751011 a prime number?
True
Is 4119073789 a prime number?
False
Is 14474127713 a composite number?
True
Is 2622693373 prime?
True
Is 208603321 composite?
True
Is 1441507577 prime?
True
Is 7419510779 prime?
False
Is 212452180667 composite?
False
Is 1568781041 composite?
False
Is 3457398587 a composite number?
False
Is 1540301459 a prime number?
True
Is 2327054981 composite?
True
Is 61289021 a prime number?
True
Is 156510301 composite?
False
Is 2007921821 a prime number?
False
Is 81972363389 prime?
False
Is 7476015487 a prime number?
True
Is 1728418709 composite?
False
Is 1649190733 composite?
False
Is 10830451699 a prime number?
True
Is 350780621 prime?
True
Is 14626592831 composite?
False
Is 411822067 a composite number?
False
Is 9834630809 a composite number?
True
Is 4276442867 a composite number?
True
Is 38584225137 a prime number?
False
Is 16670688785 composite?
True
Is 89945363 prime?
True
Is 127902062831 prime?
True
Is 13659998113 prime?
True
Is 3373879391 a composite number?
False
Is 1072882109 prime?
False
Is 1987877197 composite?
True
Is 59175707 a composite number?
False
Is 4757508043 prime?
False
Is 10261462877 prime?
False
Is 6222128413 a composite number?
False
Is 575111917 prime?
True
Is 16833756721 a composite number?
True
Is 23237627293 prime?
False
Is 155331863 a prime number?
True
Is 8954181403 prime?
True
Is 142021669 a composite number?
False
Is 3114137063 a prime number?
True
Is 103609255781 a prime number?
True
Is 141945274997 prime?
True
Is 337907473 composite?
False
Is 811500827 composite?
False
Is 1351220539 prime?
False
Is 16982435065 prime?
False
Is 14409071 a composite number?
True
Is 9490272293 a prime number?
True
Is 475043531 composite?
False
Is 896907073 composite?
False
Is 4150506397 a prime number?
False
Is 18202233877 a prime number?
False
Is 43263115099 a prime number?
True
Is 3935012885 prime?
False
Is 58361556769 a composite number?
False
Is 2493746573 prime?
True
Is 813916111 prime?
False
Is 3623635553 a composite number?
False
Is 41849387 composite?
False
Is 4639553257 composite?
False
Is 18704229539 prime?
False
Is 14998809559 prime?
True
Is 1285767407 prime?
False
Is 69740123171 prime?
False
Is 62918653243 a composite number?
False
Is 9832498531 a prime number?
True
Is 7237779613 prime?
True
Is 1714570001 a prime number?
True
Is 49789575361 prime?
False
Is 2801209519 a composite number?
False
Is 16126303 a prime number?
True
Is 72049029463 composite?
False
Is 968146538 a composite number?
True
Is 8731837913 prime?
False
Is 9526819 a composite number?
True
Is 1311768673 prime?
False
Is 477169271 prime?
True
Is 1738990349 prime?
False
Is 5113866323 prime?
True
Is 1383467413 a prime number?
True
Is 319655101 prime?
False
Is 102213868121 prime?
False
Is 1650382157 composite?
True
Is 42059519717 a composite number?
False
Is 729023897 prime?
False
Is 1457051707 composite?
False
Is 5397557041 composite?
False
Is 3126591337 a composite number?
True
Is 58444218143 a composite number?
True
Is 30546890323 composite?
False
Is 3121622503 a prime number?
True
Is 37901155793 a prime number?
False
Is 1953382391 a prime number?
False
Is 486389927 a prime number?
True
Is 331698761 composite?
True
Is 19171300187 prime?
False
Is 1649393153 composite?
True
Is 6831612521 a composite number?
False
Is 7919004199 composite?
True
Is 298054427 a prime number?
False
Is 83392785481 a prime number?
True
Is 23704427 composite?
False
Is 62325767729 composite?
True
Is 1990403347 a prime number?
True
Is 11204996261 a prime number?
True
Is 2674846739 a prime number?
True
Is 27240438707 a composite number?
False
Is 50420115029 a prime number?
True
Is 171224574107 a prime number?
False
Is 2457796945 prime?
False
Is 206712581 a composite number?
False
Is 1090909 composite?
False
Is 17384707657 composite?
False
Is 31125771401 composite?
False
Is 1667554481 a prime number?
True
Is 20789426993 a composite number?
False
Is 644476847 composite?
True
Is 19951944737 a prime number?
True
Is 17713045351 composite?
True
Is 22817828711 a prime number?
True
Is 925380403 a composite number?
False
Is 413264011 a composite number?
True
Is 2831277766 a prime number?
False
Is 3612692009 composite?
False
Is 37518543773 a composite number?
False
Is 968576633 a prime number?
True
Is 711322071 composite?
True
Is 11712234929 composite?
True
Is 325159886867 a prime number?
True
Is 22221870407 a prime number?
False
Is 4706132839 a composite number?
False
Is 10061844133 a composite number?
True
Is 9863225219 composite?
False
Is 123400259 composite?
False
Is 887633413 composite?
False
Is 1757973487 a prime number?
True
Is 1405052951 prime?
False
Is 29851237343 composite?
False
Is 89710260467 a prime number?
True
Is 11473398173 a composite number?
False
Is 2956745641 a prime number?
True
Is 1739263271 composite?
False
Is 2841225791 a composite number?
False
Is 91600321151 composite?
True
Is 4789502189 a prime number?
True
Is 4441587971 a composite number?
True
Is 3729592121 composite?
True
Is 710646617 a composite number?
True
Is 75419623619 composite?
False
Is 3440021207 prime?
False
Is 3908216093 a composite number?
False
Is 455735107 a prime number?
True
Is 6643933 a prime number?
False
Is 19434772577 prime?
False
Is 38708725571 a composite number?
False
Is 27865351211 a prime number?
False
Is 871593329 a composite number?
False
Is 415703111833 composite?
False
Is 409594187 a composite number?
False
Is 183333719 prime?
True
Is 1269815189 a prime number?
True
Is 15276199969 a prime number?
True
Is 3508171489 prime?
False
Is 164064907 a prime number?
False
Is 570729833 composite?
True
Is 6799656295 a composite number?
True
Is 16210932497 a prime number?
True
Is 8310833 a composite number?
False
Is 588856453 a prime number?
True
Is 14475908669 prime?
False
Is 6253706983 composite?
False
Is 142000271 composite?
True
Is 7318223777 composite?
False
Is 61032169369 a composite number?
False
Is 249509921 prime?
False
Is 42104466779 composite?
False
Is 21542492297 a composite number?
False
Is 1311503593 prime?
False
Is 45446477 prime?
True
Is 61927919 a composite number?
False
Is 50865737 a composite number?
True
Is 17341177519 prime?
True
Is 25985339 a composite number?
False
Is 5095097881 